{"id":1053,"date":"2021-06-11T11:23:00","date_gmt":"2021-06-11T11:23:00","guid":{"rendered":"http:\/\/biologia.ufpa.br\/?page_id=1053"},"modified":"2021-06-11T14:24:07","modified_gmt":"2021-06-11T14:24:07","slug":"estagios-2","status":"publish","type":"page","link":"https:\/\/biologia.ufpa.br\/?page_id=1053","title":{"rendered":"Corpo docente"},"content":{"rendered":"<div style=\"background-repeat: no-repeat;\"><div class=\"entry-content clearfix\">\n<p>baixo voc\u00ea confere a lista do corpo docente da Faculdade de Biologia com seus respectivos e-mails de contato.<\/p>\n<p>&nbsp;<\/p>\n<table width=\"613\">\n<tbody>\n<tr>\n<td width=\"197\"><strong>DOCENTES<\/strong><\/td>\n<td width=\"202\"><strong>E-MAIL<\/strong><\/td>\n<\/tr>\n<tr>\n<td width=\"197\">Adriana Costa Guimar\u00e3es<\/td>\n<td width=\"202\">guimaraesac@ufpa.br<\/td>\n<\/tr>\n<tr>\n<td width=\"197\">Ana Cristina Andrade de Aguiar&nbsp; Dias<\/td>\n<td width=\"202\">acaaguiar@yahoo.com.br<\/td>\n<\/tr>\n<tr>\n<td width=\"197\">Ana Cristina Mendes de Oliveira<\/td>\n<td width=\"202\">cris.mastozoologia@gmail.com<\/td>\n<\/tr>\n<tr>\n<td width=\"197\">Andr\u00e9 Salim Khayat<\/td>\n<td width=\"202\">khayatas@gmail.com<\/td>\n<\/tr>\n<tr>\n<td width=\"197\">Andr\u00e9a Nazar\u00e9 Monteiro Rangel da Silva<\/td>\n<td width=\"202\">andrearangel@ufpa.br<\/td>\n<\/tr>\n<tr>\n<td width=\"197\">Antonio Hern\u00e1ndez Guti\u00e9rrez<\/td>\n<td width=\"202\">anther@ufpa.br<\/td>\n<\/tr>\n<tr>\n<td width=\"197\">Barbara do Nascimento Borges<\/td>\n<td width=\"202\">bnborges@ufpa.br<\/td>\n<\/tr>\n<tr>\n<td width=\"197\">Cl\u00e1udia Regina Batista de Souza<\/td>\n<td width=\"202\">bsouza@ufpa.br<\/td>\n<\/tr>\n<tr>\n<td width=\"197\">Cleusa Yoshiko Nagamachi<\/td>\n<td width=\"202\">cleusa@ufpa.br<\/td>\n<\/tr>\n<tr>\n<td width=\"197\">Diva Anelie de Ara\u00fajo Guimar\u00e3es<\/td>\n<td width=\"202\">diva@ufpa.br<\/td>\n<\/tr>\n<tr>\n<td width=\"197\">Eduardo Jos\u00e9 Melo dos Santos<\/td>\n<td width=\"202\">eduardo@ufpa.br<\/td>\n<\/tr>\n<tr>\n<td width=\"197\">Felipe Andr\u00e9s Le\u00f3n Contrera<\/td>\n<td width=\"202\">felipe@ufpa.br<\/td>\n<\/tr>\n<tr>\n<td width=\"197\">Fernando Allan de Farias Rocha<\/td>\n<td width=\"202\">rochaf@ufpa.br<\/td>\n<\/tr>\n<tr>\n<td width=\"197\">Fernando Augusto Barbosa Silva<\/td>\n<td width=\"202\">fernandoabs@ufpa.br<\/td>\n<\/tr>\n<tr>\n<td width=\"197\">Francisco Ac\u00e1cio Alves<\/td>\n<td width=\"202\">falves@ufpa.br<\/td>\n<\/tr>\n<tr>\n<td width=\"197\">Francisco Tiago de Vasconcelos Melo<\/td>\n<td width=\"202\">ftiago@ufpa.br<\/td>\n<\/tr>\n<tr>\n<td width=\"197\">Givago da Silva Souza<\/td>\n<td width=\"202\">givagosouza@ufpa.br<\/td>\n<\/tr>\n<tr>\n<td width=\"197\">Gleomar Fabiano Maschio<\/td>\n<td width=\"202\">gleomar@ufpa.br<\/td>\n<\/tr>\n<tr>\n<td width=\"197\">Grazielle Sales Teodoro<\/td>\n<td width=\"202\">gsales.bio@gmail.com<\/td>\n<\/tr>\n<tr>\n<td width=\"197\">Greice de Lemos&nbsp; Cardoso<\/td>\n<td width=\"202\">cardosogreice@ufpa.br<\/td>\n<\/tr>\n<tr>\n<td width=\"197\">Gustavo Rodrigo Sanches&nbsp;<\/td>\n<td width=\"202\">ruizgustavoruiz@ufpa.br<\/td>\n<\/tr>\n<tr>\n<td width=\"197\">Ivoneide Maria da Silva<\/td>\n<td width=\"202\">isilva@ufpa.br<\/td>\n<\/tr>\n<tr>\n<td width=\"197\">Izaura Maria Vieira Cayres Vallinoto<\/td>\n<td width=\"202\">vallinoto@ufpa.br<\/td>\n<\/tr>\n<tr>\n<td width=\"197\">Jackson Costa Pinheiro<\/td>\n<td width=\"202\">jackson@ufpa.br<\/td>\n<\/tr>\n<tr>\n<td width=\"197\">Janaina Gell de Pontes Vieira<\/td>\n<td width=\"202\">gell@ufpa.br<\/td>\n<\/tr>\n<tr>\n<td width=\"197\">Jonathan Stuart Ready<\/td>\n<td width=\"202\">jonathan.ready@gmail.com<\/td>\n<\/tr>\n<tr>\n<td width=\"197\">Jos\u00e9 Ant\u00f4nio Marin Fernandes<\/td>\n<td width=\"202\">joseamf@ufpa.br<\/td>\n<\/tr>\n<tr>\n<td width=\"197\">Julio Cesar Pieczarka<\/td>\n<td width=\"202\">julio@ufpa.br<\/td>\n<\/tr>\n<tr>\n<td width=\"197\">Karla Tereza Silva Ribeiro<\/td>\n<td width=\"202\">karlarib@ufpa.br<\/td>\n<\/tr>\n<tr>\n<td width=\"197\">Leandro&nbsp; Juen<\/td>\n<td width=\"202\">leandrojuen@ufpa.br<\/td>\n<\/tr>\n<tr>\n<td width=\"197\">Leandro Passarinho Reis Junior<\/td>\n<td width=\"202\">lpassarinho28@gmail.com<\/td>\n<\/tr>\n<tr>\n<td width=\"197\">Leonardo dos Santos Sena<\/td>\n<td width=\"202\">lsena@ufpa.br<\/td>\n<\/tr>\n<tr>\n<td width=\"197\">Lilian Lund Amado<\/td>\n<td width=\"202\">lla@ufpa.br<\/td>\n<\/tr>\n<tr>\n<td width=\"197\">Luciana Fernandes Pastana Ramos<\/td>\n<td width=\"202\">lucianaramos@ufpa.br<\/td>\n<\/tr>\n<tr>\n<td width=\"197\">Luciano Foga\u00e7a de Assis Montag<\/td>\n<td width=\"202\">montag@ufpa.br<\/td>\n<\/tr>\n<tr>\n<td width=\"197\">Lucimar Di Paula dos Santos Madeira<\/td>\n<td width=\"202\">dipaulamadeira@gmail.com<\/td>\n<\/tr>\n<tr>\n<td width=\"197\">Lucinice Ferreira Bel\u00facio<\/td>\n<td width=\"202\">lbelucio@gmail.com<\/td>\n<\/tr>\n<tr>\n<td width=\"197\">Luiz Fernando Almeida Machado<\/td>\n<td width=\"202\">lfam@ufpa.br<\/td>\n<\/tr>\n<tr>\n<td width=\"197\">Marco Ant\u00f4nio Menezes Neto<\/td>\n<td width=\"202\">neto@ufpa.br<\/td>\n<\/tr>\n<tr>\n<td width=\"197\">Marcos P\u00e9rsio Dantas Santos<\/td>\n<td width=\"202\">persio@ufpa.br<\/td>\n<\/tr>\n<tr>\n<td width=\"197\">Maria Aparecida Lopes<\/td>\n<td width=\"202\">maria@ufpa.br<\/td>\n<\/tr>\n<tr>\n<td width=\"197\">Maria Auxiliadora Pantoja Ferreira<\/td>\n<td width=\"202\">auxi@ufpa.br<\/td>\n<\/tr>\n<tr>\n<td width=\"197\">Maria Cristina dos Santos Costa<\/td>\n<td width=\"202\">mcsc@ufpa.br<\/td>\n<\/tr>\n<tr>\n<td width=\"197\">Maria Cristina Esp\u00f3s;ito<\/td>\n<td width=\"202\">esposito@ufpa.br<\/td>\n<\/tr>\n<tr>\n<td width=\"197\">Maria Luisa da Silva<\/td>\n<td width=\"202\">mluisa@ufpa.br<\/td>\n<\/tr>\n<tr>\n<td width=\"197\">Maria Vivina Barros Monteiro<\/td>\n<td width=\"202\">vivinabm@gmail.com<\/td>\n<\/tr>\n<tr>\n<td width=\"197\">Mayara Larrys Gomes de Assis Nogueira<\/td>\n<td width=\"202\">mayaralarrys@ufpa.br<\/td>\n<\/tr>\n<tr>\n<td width=\"197\">Mois\u00e9s Batista da Silva<\/td>\n<td width=\"202\">moises@ufpa.br<\/td>\n<\/tr>\n<tr>\n<td width=\"197\">Mois\u00e9s Hamoy<\/td>\n<td width=\"202\">hamoy@ufpa.br<\/td>\n<\/tr>\n<tr>\n<td width=\"197\">Patr\u00edcia Fagundes<\/td>\n<td width=\"202\">pfagundes@ufpa.br<\/td>\n<\/tr>\n<tr>\n<td width=\"197\">Raphael Ligeiro Barroso Santos<\/td>\n<td width=\"202\">ligeirobio@gmail.com<\/td>\n<\/tr>\n<tr>\n<td width=\"197\">Rita de C\u00e1ssia Mousinho Ribeiro<\/td>\n<td width=\"202\">rcmr@ufpa.br<\/td>\n<\/tr>\n<tr>\n<td width=\"197\">Roberta Macedo Cerqueira<\/td>\n<td width=\"202\">rmcerqueira@ufpa.br<\/td>\n<\/tr>\n<tr>\n<td width=\"197\">Roberta de Melo Valente<\/td>\n<td width=\"202\">rvalente@ufpa.br<\/td>\n<\/tr>\n<tr>\n<td width=\"197\">Rosildo Santos Paiva<\/td>\n<td width=\"202\">rpaiva@ufpa.br<\/td>\n<\/tr>\n<tr>\n<td width=\"197\">Rossineide Martins da Rocha<\/td>\n<td width=\"202\">rmrocha@ufpa.br<\/td>\n<\/tr>\n<tr>\n<td width=\"197\">Sheila Costa Vilhena Pinheiro<\/td>\n<td width=\"202\">scvpinheiro@ufpa.br<\/td>\n<\/tr>\n<tr>\n<td width=\"197\">Sheyla Mara de Almeida Ribeiro<\/td>\n<td width=\"202\">sheylaribeiro@hotmail.com<\/td>\n<\/tr>\n<tr>\n<td width=\"197\">Silvia Fernanda Mardegan<\/td>\n<td width=\"202\">smardegan@ufpa.br<\/td>\n<\/tr>\n<tr>\n<td width=\"197\">Solange do Perp\u00e9tuo Socorro Evangelista Costa<\/td>\n<td width=\"202\">sol@ufpa.br<\/td>\n<\/tr>\n<tr>\n<td width=\"197\">Sued Silva de Oliveira<\/td>\n<td width=\"202\">sued@ufpa.br<\/td>\n<\/tr>\n<tr>\n<td width=\"197\">Sylvain Henri Darnet<\/td>\n<td width=\"202\">sylvain@ufpa.br<\/td>\n<\/tr>\n<tr>\n<td width=\"197\">Thaisa Sala Michelan<\/td>\n<td width=\"202\">thaisamichelan@gmail.com<\/td>\n<\/tr>\n<tr>\n<td width=\"197\">Valerie Sarpedonti<\/td>\n<td width=\"202\">valerie@ufpa.br<\/td>\n<\/tr>\n<tr>\n<td width=\"197\">V\u00e2nia Nakauth Azevedo<\/td>\n<td width=\"202\">vna@ufpa.br<\/td>\n<\/tr>\n<tr>\n<td width=\"197\">Ver\u00f4nica Regina Lobato de Oliveira Bahia<\/td>\n<td width=\"202\">veronicaoliveirabahia@gmail.com<\/td>\n<\/tr>\n<tr>\n<td width=\"197\">Vir\u00e1g Venekey<\/td>\n<td width=\"202\">virag_venekey@yahoo.com.br<\/td>\n<\/tr>\n<tr>\n<td width=\"197\">&nbsp;<\/td>\n<td width=\"202\">&nbsp;<\/td>\n<\/tr>\n<tr>\n<td width=\"197\">&nbsp;<\/td>\n<td width=\"202\">&nbsp;<\/td>\n<\/tr>\n<tr>\n<td width=\"197\">&nbsp;<\/td>\n<td width=\"202\">&nbsp;<\/td>\n<\/tr>\n<tr>\n<td width=\"197\">&nbsp;<\/td>\n<td width=\"202\">&nbsp;<\/td>\n<\/tr>\n<tr>\n<td width=\"197\">&nbsp;<\/td>\n<td width=\"202\">&nbsp;<\/td>\n<\/tr>\n<tr>\n<td width=\"197\">&nbsp;<\/td>\n<td width=\"202\">&nbsp;<\/td>\n<\/tr>\n<tr>\n<td width=\"197\">&nbsp;<\/td>\n<td width=\"202\">&nbsp;<\/td>\n<\/tr>\n<tr>\n<td width=\"197\">&nbsp;<\/td>\n<td width=\"202\">&nbsp;<\/td>\n<\/tr>\n<tr>\n<td width=\"197\">&nbsp;<\/td>\n<td width=\"202\">&nbsp;<\/td>\n<\/tr>\n<tr>\n<td width=\"197\">&nbsp;<\/td>\n<td width=\"202\">&nbsp;<\/td>\n<\/tr>\n<tr>\n<td width=\"197\">&nbsp;<\/td>\n<td width=\"202\">&nbsp;<\/td>\n<\/tr>\n<tr>\n<td width=\"197\">&nbsp;<\/td>\n<td width=\"202\">&nbsp;<\/td>\n<\/tr>\n<tr>\n<td width=\"197\">&nbsp;<\/td>\n<td width=\"202\">&nbsp;<\/td>\n<\/tr>\n<tr>\n<td width=\"197\">&nbsp;<\/td>\n<td width=\"202\">&nbsp;<\/td>\n<\/tr>\n<tr>\n<td width=\"197\">&nbsp;<\/td>\n<td width=\"202\">&nbsp;<\/td>\n<\/tr>\n<tr>\n<td width=\"197\">&nbsp;<\/td>\n<td width=\"202\">&nbsp;<\/td>\n<\/tr>\n<tr>\n<td width=\"197\">&nbsp;<\/td>\n<td width=\"202\">&nbsp;<\/td>\n<\/tr>\n<tr>\n<td width=\"197\">&nbsp;<\/td>\n<td width=\"202\">&nbsp;<\/td>\n<\/tr>\n<tr>\n<td width=\"197\">&nbsp;<\/td>\n<td width=\"202\">&nbsp;<\/td>\n<\/tr>\n<tr>\n<td width=\"197\">&nbsp;<\/td>\n<td width=\"202\">&nbsp;<\/td>\n<\/tr>\n<tr>\n<td width=\"197\">&nbsp;<\/td>\n<td width=\"202\">&nbsp;<\/td>\n<\/tr>\n<tr>\n<td width=\"197\">&nbsp;<\/td>\n<td width=\"202\">&nbsp;<\/td>\n<\/tr>\n<tr>\n<td width=\"197\">&nbsp;<\/td>\n<td width=\"202\">&nbsp;<\/td>\n<\/tr>\n<tr>\n<td width=\"197\">&nbsp;<\/td>\n<td width=\"202\">&nbsp;<\/td>\n<\/tr>\n<tr>\n<td width=\"197\">&nbsp;<\/td>\n<td width=\"202\">&nbsp;<\/td>\n<\/tr>\n<tr>\n<td width=\"197\">&nbsp;<\/td>\n<td width=\"202\">&nbsp;<\/td>\n<\/tr>\n<tr>\n<td width=\"197\">&nbsp;<\/td>\n<td width=\"202\">&nbsp;<\/td>\n<\/tr>\n<tr>\n<td width=\"197\">&nbsp;<\/td>\n<td width=\"202\">&nbsp;<\/td>\n<\/tr>\n<tr>\n<td width=\"197\">&nbsp;<\/td>\n<td width=\"202\">&nbsp;<\/td>\n<\/tr>\n<tr>\n<td width=\"197\">&nbsp;<\/td>\n<td width=\"202\">&nbsp;<\/td>\n<\/tr>\n<tr>\n<td width=\"197\">&nbsp;<\/td>\n<td width=\"202\">&nbsp;<\/td>\n<\/tr>\n<tr>\n<td width=\"197\">&nbsp;<\/td>\n<td width=\"202\">&nbsp;<\/td>\n<\/tr>\n<tr>\n<td width=\"197\">&nbsp;<\/td>\n<td width=\"202\">&nbsp;<\/td>\n<\/tr>\n<tr>\n<td width=\"197\">&nbsp;<\/td>\n<td width=\"202\">&nbsp;<\/td>\n<\/tr>\n<tr>\n<td width=\"197\">&nbsp;<\/td>\n<td width=\"202\">&nbsp;<\/td>\n<\/tr>\n<tr>\n<td width=\"197\">&nbsp;<\/td>\n<td width=\"202\">&nbsp;<\/td>\n<\/tr>\n<tr>\n<td width=\"197\">&nbsp;<\/td>\n<td width=\"202\">&nbsp;<\/td>\n<\/tr>\n<tr>\n<td width=\"197\">&nbsp;<\/td>\n<td width=\"202\">&nbsp;<\/td>\n<\/tr>\n<tr>\n<td width=\"197\">&nbsp;<\/td>\n<td width=\"202\">&nbsp;<\/td>\n<\/tr>\n<tr>\n<td width=\"197\">&nbsp;<\/td>\n<td width=\"202\">&nbsp;<\/td>\n<\/tr>\n<tr>\n<td width=\"197\">&nbsp;<\/td>\n<td width=\"202\">&nbsp;<\/td>\n<\/tr>\n<tr>\n<td width=\"197\">&nbsp;<\/td>\n<td width=\"202\">&nbsp;<\/td>\n<\/tr>\n<tr>\n<td width=\"197\">&nbsp;<\/td>\n<td width=\"202\">&nbsp;<\/td>\n<\/tr>\n<tr>\n<td width=\"197\">&nbsp;<\/td>\n<td width=\"202\">&nbsp;<\/td>\n<\/tr>\n<tr>\n<td width=\"197\">&nbsp;<\/td>\n<td width=\"202\">&nbsp;<\/td>\n<\/tr>\n<tr>\n<td width=\"197\">&nbsp;<\/td>\n<td width=\"202\">&nbsp;<\/td>\n<\/tr>\n<tr>\n<td width=\"197\">&nbsp;<\/td>\n<td width=\"202\">&nbsp;<\/td>\n<\/tr>\n<tr>\n<td width=\"197\">&nbsp;<\/td>\n<td width=\"202\">&nbsp;<\/td>\n<\/tr>\n<tr>\n<td width=\"197\">&nbsp;<\/td>\n<td width=\"202\">&nbsp;<\/td>\n<\/tr>\n<tr>\n<td width=\"197\">&nbsp;<\/td>\n<td width=\"202\">&nbsp;<\/td>\n<\/tr>\n<tr>\n<td width=\"197\">&nbsp;<\/td>\n<td width=\"202\">&nbsp;<\/td>\n<\/tr>\n<tr>\n<td width=\"197\">&nbsp;<\/td>\n<td width=\"202\">&nbsp;<\/td>\n<\/tr>\n<tr>\n<td width=\"197\">&nbsp;<\/td>\n<td width=\"202\">&nbsp;<\/td>\n<\/tr>\n<tr>\n<td width=\"197\">&nbsp;<\/td>\n<td width=\"202\">&nbsp;<\/td>\n<\/tr>\n<tr>\n<td width=\"197\">&nbsp;<\/td>\n<td width=\"202\">&nbsp;<\/td>\n<\/tr>\n<tr>\n<td width=\"197\">&nbsp;<\/td>\n<td width=\"202\">&nbsp;<\/td>\n<\/tr>\n<tr>\n<td width=\"197\">&nbsp;<\/td>\n<td width=\"202\">&nbsp;<\/td>\n<\/tr>\n<tr>\n<td width=\"197\">&nbsp;<\/td>\n<td width=\"202\">&nbsp;<\/td>\n<\/tr>\n<tr>\n<td width=\"197\">&nbsp;<\/td>\n<td width=\"202\">&nbsp;<\/td>\n<\/tr>\n<tr>\n<td width=\"197\">&nbsp;<\/td>\n<td width=\"202\">&nbsp;<\/td>\n<\/tr>\n<tr>\n<td width=\"197\">&nbsp;<\/td>\n<td width=\"202\">&nbsp;<\/td>\n<\/tr>\n<tr>\n<td width=\"197\">&nbsp;<\/td>\n<td width=\"202\">&nbsp;<\/td>\n<\/tr>\n<tr>\n<td width=\"197\">&nbsp;<\/td>\n<td width=\"202\">&nbsp;<\/td>\n<\/tr>\n<tr>\n<td width=\"197\">&nbsp;<\/td>\n<td width=\"202\">&nbsp;<\/td>\n<\/tr>\n<tr>\n<td width=\"197\">&nbsp;<\/td>\n<td width=\"202\">&nbsp;<\/td>\n<\/tr>\n<tr>\n<td width=\"197\">&nbsp;<\/td>\n<td width=\"202\">&nbsp;<\/td>\n<\/tr>\n<tr>\n<td width=\"197\">&nbsp;<\/td>\n<td width=\"202\">&nbsp;<\/td>\n<\/tr>\n<tr>\n<td width=\"197\">&nbsp;<\/td>\n<td width=\"202\">&nbsp;<\/td>\n<\/tr>\n<tr>\n<td width=\"197\">&nbsp;<\/td>\n<td width=\"202\">&nbsp;<\/td>\n<\/tr>\n<tr>\n<td width=\"197\">&nbsp;<\/td>\n<td width=\"202\">&nbsp;<\/td>\n<\/tr>\n<tr>\n<td width=\"197\">&nbsp;<\/td>\n<td width=\"202\">&nbsp;<\/td>\n<\/tr>\n<tr>\n<td width=\"197\">&nbsp;<\/td>\n<td width=\"202\">&nbsp;<\/td>\n<\/tr>\n<tr>\n<td width=\"197\">&nbsp;<\/td>\n<td width=\"202\">&nbsp;<\/td>\n<\/tr>\n<tr>\n<td width=\"197\">&nbsp;<\/td>\n<td width=\"202\">&nbsp;<\/td>\n<\/tr>\n<tr>\n<td width=\"197\">&nbsp;<\/td>\n<td width=\"202\">&nbsp;<\/td>\n<\/tr>\n<tr>\n<td width=\"197\">&nbsp;<\/td>\n<td width=\"202\">&nbsp;<\/td>\n<\/tr>\n<tr>\n<td width=\"197\">&nbsp;<\/td>\n<td width=\"202\">&nbsp;<\/td>\n<\/tr>\n<tr>\n<td width=\"197\">&nbsp;<\/td>\n<td width=\"202\">&nbsp;<\/td>\n<\/tr>\n<tr>\n<td width=\"197\">&nbsp;<\/td>\n<td width=\"202\">&nbsp;<\/td>\n<\/tr>\n<tr>\n<td width=\"197\">&nbsp;<\/td>\n<td width=\"202\">&nbsp;<\/td>\n<\/tr>\n<tr>\n<td width=\"197\">&nbsp;<\/td>\n<td width=\"202\">&nbsp;<\/td>\n<\/tr>\n<tr>\n<td width=\"197\">&nbsp;<\/td>\n<td width=\"202\">&nbsp;<\/td>\n<\/tr>\n<tr>\n<td width=\"197\">&nbsp;<\/td>\n<td width=\"202\">&nbsp;<\/td>\n<\/tr>\n<tr>\n<td width=\"197\">&nbsp;<\/td>\n<td width=\"202\">&nbsp;<\/td>\n<\/tr>\n<tr>\n<td width=\"197\">&nbsp;<\/td>\n<td width=\"202\">&nbsp;<\/td>\n<\/tr>\n<tr>\n<td width=\"197\">&nbsp;<\/td>\n<td width=\"202\">&nbsp;<\/td>\n<\/tr>\n<tr>\n<td width=\"197\">&nbsp;<\/td>\n<td width=\"202\">&nbsp;<\/td>\n<\/tr>\n<tr>\n<td width=\"197\">&nbsp;<\/td>\n<td width=\"202\">&nbsp;<\/td>\n<\/tr>\n<tr>\n<td width=\"197\">&nbsp;<\/td>\n<td width=\"202\">&nbsp;<\/td>\n<\/tr>\n<tr>\n<td width=\"197\">&nbsp;<\/td>\n<td width=\"202\">&nbsp;<\/td>\n<\/tr>\n<tr>\n<td width=\"197\">&nbsp;<\/td>\n<td width=\"202\">&nbsp;<\/td>\n<\/tr>\n<tr>\n<td width=\"197\">&nbsp;<\/td>\n<td width=\"202\">&nbsp;<\/td>\n<\/tr>\n<tr>\n<td width=\"197\">&nbsp;<\/td>\n<td width=\"202\">&nbsp;<\/td>\n<\/tr>\n<tr>\n<td width=\"197\">&nbsp;<\/td>\n<td width=\"202\">&nbsp;<\/td>\n<\/tr>\n<tr>\n<td width=\"197\">&nbsp;<\/td>\n<td width=\"202\">&nbsp;<\/td>\n<\/tr>\n<tr>\n<td width=\"197\">&nbsp;<\/td>\n<td width=\"202\">&nbsp;<\/td>\n<\/tr>\n<tr>\n<td width=\"197\">&nbsp;<\/td>\n<td width=\"202\">&nbsp;<\/td>\n<\/tr>\n<tr>\n<td width=\"197\">&nbsp;<\/td>\n<td width=\"202\">&nbsp;<\/td>\n<\/tr>\n<tr>\n<td width=\"197\">&nbsp;<\/td>\n<td width=\"202\">&nbsp;<\/td>\n<\/tr>\n<tr>\n<td width=\"197\">&nbsp;<\/td>\n<td width=\"202\">&nbsp;<\/td>\n<\/tr>\n<tr>\n<td width=\"197\">&nbsp;<\/td>\n<td width=\"202\">&nbsp;<\/td>\n<\/tr>\n<tr>\n<td width=\"197\">&nbsp;<\/td>\n<td width=\"202\">&nbsp;<\/td>\n<\/tr>\n<tr>\n<td width=\"197\">&nbsp;<\/td>\n<td width=\"202\">&nbsp;<\/td>\n<\/tr>\n<\/tbody>\n<\/table>\n<\/div>\n<div class=\"entry-footer clearfix\">&nbsp;<\/div>\n<\/div>","protected":false},"excerpt":{"rendered":"<p>baixo voc\u00ea confere a lista do corpo docente da Faculdade de Biologia com seus respectivos e-mails de contato. &nbsp; DOCENTES E-MAIL Adriana Costa Guimar\u00e3es guimaraesac@ufpa.br Ana Cristina Andrade de Aguiar&nbsp; Dias acaaguiar@yahoo.com.br Ana Cristina Mendes de Oliveira cris.mastozoologia@gmail.com Andr\u00e9 Salim Khayat khayatas@gmail.com Andr\u00e9a Nazar\u00e9 Monteiro Rangel da Silva andrearangel@ufpa.br Antonio Hern\u00e1ndez Guti\u00e9rrez anther@ufpa.br Barbara do &hellip; <a href=\"https:\/\/biologia.ufpa.br\/?page_id=1053\" class=\"more-link\">Continue lendo <span class=\"screen-reader-text\">Corpo docente<\/span> <span class=\"meta-nav\">&rarr;<\/span><\/a><\/p>\n","protected":false},"author":1,"featured_media":0,"parent":0,"menu_order":0,"comment_status":"closed","ping_status":"open","template":"","meta":{"ngg_post_thumbnail":0},"_links":{"self":[{"href":"https:\/\/biologia.ufpa.br\/index.php?rest_route=\/wp\/v2\/pages\/1053"}],"collection":[{"href":"https:\/\/biologia.ufpa.br\/index.php?rest_route=\/wp\/v2\/pages"}],"about":[{"href":"https:\/\/biologia.ufpa.br\/index.php?rest_route=\/wp\/v2\/types\/page"}],"author":[{"embeddable":true,"href":"https:\/\/biologia.ufpa.br\/index.php?rest_route=\/wp\/v2\/users\/1"}],"replies":[{"embeddable":true,"href":"https:\/\/biologia.ufpa.br\/index.php?rest_route=%2Fwp%2Fv2%2Fcomments&post=1053"}],"version-history":[{"count":16,"href":"https:\/\/biologia.ufpa.br\/index.php?rest_route=\/wp\/v2\/pages\/1053\/revisions"}],"predecessor-version":[{"id":1226,"href":"https:\/\/biologia.ufpa.br\/index.php?rest_route=\/wp\/v2\/pages\/1053\/revisions\/1226"}],"wp:attachment":[{"href":"https:\/\/biologia.ufpa.br\/index.php?rest_route=%2Fwp%2Fv2%2Fmedia&parent=1053"}],"curies":[{"name":"wp","href":"https:\/\/api.w.org\/{rel}","templated":true}]}}