{"id":166,"date":"2012-01-12T23:27:07","date_gmt":"2012-01-12T23:27:07","guid":{"rendered":"http:\/\/biologia.ufpa.br\/?page_id=166"},"modified":"2012-01-13T22:49:49","modified_gmt":"2012-01-13T22:49:49","slug":"historico","status":"publish","type":"page","link":"https:\/\/biologia.ufpa.br\/?page_id=166","title":{"rendered":"Objetivo do Curso"},"content":{"rendered":"<h2>Biologia Bacharelado<\/h2>\n<p>Formar profissionais para atuar na \u00e1rea da biologia como bi\u00f3logo pesquisador.<\/p>\n<p>A profiss\u00e3o de Bi\u00f3logo foi regulamentada pelo Decreto n\u00ba 88.438\/83, de acordo com Lei n\u00ba 6.684\/79 e de conformidade com altera\u00e7\u00e3o estabelecida pela Lei n\u00ba 7.017\/82, quando o Conselho Federal de Educa\u00e7\u00e3o fixou o conte\u00fado m\u00ednimo e a dura\u00e7\u00e3o dos cursos de Hist\u00f3ria Natural (Biologia) no pa\u00eds, para a forma\u00e7\u00e3o destes profissionais.<\/p>\n<p>A biologia \u00e9 a ci\u00eancia que estuda os seres vivos, a rela\u00e7\u00e3o entre eles e o ambiente e os mecanismos que regulam a vida. Portanto, o estudo da biologia possibilita a compreens\u00e3o do surgimento da vida e sua organiza\u00e7\u00e3o atrav\u00e9s do tempo, sob a a\u00e7\u00e3o de processos evolutivos.<\/p>\n<p>Conhe\u00e7a mais sobre a reestrutura\u00e7\u00e3o curricular do curso de licenciatura<strong>:<\/strong><\/p>\n<p><strong><a href=\"http:\/\/biologia.ufpa.br\/pdf\/reestruturacao_curricular_bach.pdf\">Bacharelado em Ci\u00eancias Biol\u00f3gicas<\/a><\/strong><\/p>\n<h2>Biologia Licenciatura<\/h2>\n<p>Formar profissionais para atuar na \u00e1rea da biologia como bi\u00f3logo docente.<\/p>\n<p>A profiss\u00e3o do Bi\u00f3logo foi regulamentada pelo Decreto n\u00ba 88.438\/83, de acordo com Lei n\u00ba 6.684\/79 e de conformidade com altera\u00e7\u00e3o estabelecida pela Lei n\u00ba 7.017\/82, quando o Conselho Federal de Educa\u00e7\u00e3o fixou o conte\u00fado m\u00ednimo e a dura\u00e7\u00e3o dos cursos de Hist\u00f3ria Natural (Biologia) no pa\u00eds, para a forma\u00e7\u00e3o destes profissionais.<\/p>\n<p>A biologia \u00e9 a ci\u00eancia que estuda os seres vivos, a rela\u00e7\u00e3o entre eles e o meio ambiente e os mecanismos que regulam a vida. Portanto, o estudo da biologia possibilita a compreens\u00e3o do surgimento da vida e sua organiza\u00e7\u00e3o atrav\u00e9s do tempo, sob a a\u00e7\u00e3o de processos evolutivos.<\/p>\n<p>Conhe\u00e7a mais sobre a reestrutura\u00e7\u00e3o curricular do curso de licenciatura<strong>:<\/strong><\/p>\n<p><strong><a href=\"http:\/\/biologia.ufpa.br\/pdf\/reestruturacao_curricular_lic.pdf\">Licenciatura em Ci\u00eancias Biol\u00f3gicas<\/a><br \/>\n<\/strong><\/p>\n<p>&nbsp;<\/p>\n","protected":false},"excerpt":{"rendered":"<p>Biologia Bacharelado Formar profissionais para atuar na \u00e1rea da biologia como bi\u00f3logo pesquisador. A profiss\u00e3o de Bi\u00f3logo foi regulamentada pelo Decreto n\u00ba 88.438\/83, de acordo com Lei n\u00ba 6.684\/79 e de conformidade com altera\u00e7\u00e3o estabelecida pela Lei n\u00ba 7.017\/82, quando o Conselho Federal de Educa\u00e7\u00e3o fixou o conte\u00fado m\u00ednimo e a dura\u00e7\u00e3o dos cursos de &hellip; <a href=\"https:\/\/biologia.ufpa.br\/?page_id=166\" class=\"more-link\">Continue lendo <span class=\"screen-reader-text\">Objetivo do Curso<\/span> <span class=\"meta-nav\">&rarr;<\/span><\/a><\/p>\n","protected":false},"author":1,"featured_media":0,"parent":0,"menu_order":0,"comment_status":"open","ping_status":"open","template":"","meta":{"ngg_post_thumbnail":0},"_links":{"self":[{"href":"https:\/\/biologia.ufpa.br\/index.php?rest_route=\/wp\/v2\/pages\/166"}],"collection":[{"href":"https:\/\/biologia.ufpa.br\/index.php?rest_route=\/wp\/v2\/pages"}],"about":[{"href":"https:\/\/biologia.ufpa.br\/index.php?rest_route=\/wp\/v2\/types\/page"}],"author":[{"embeddable":true,"href":"https:\/\/biologia.ufpa.br\/index.php?rest_route=\/wp\/v2\/users\/1"}],"replies":[{"embeddable":true,"href":"https:\/\/biologia.ufpa.br\/index.php?rest_route=%2Fwp%2Fv2%2Fcomments&post=166"}],"version-history":[{"count":4,"href":"https:\/\/biologia.ufpa.br\/index.php?rest_route=\/wp\/v2\/pages\/166\/revisions"}],"predecessor-version":[{"id":168,"href":"https:\/\/biologia.ufpa.br\/index.php?rest_route=\/wp\/v2\/pages\/166\/revisions\/168"}],"wp:attachment":[{"href":"https:\/\/biologia.ufpa.br\/index.php?rest_route=%2Fwp%2Fv2%2Fmedia&parent=166"}],"curies":[{"name":"wp","href":"https:\/\/api.w.org\/{rel}","templated":true}]}}