{"id":203,"date":"2012-01-13T02:08:42","date_gmt":"2012-01-13T02:08:42","guid":{"rendered":"http:\/\/biologia.ufpa.br\/?page_id=203"},"modified":"2012-02-29T02:09:36","modified_gmt":"2012-02-29T02:09:36","slug":"projetos-de-extensao","status":"publish","type":"page","link":"https:\/\/biologia.ufpa.br\/?page_id=203","title":{"rendered":"Projetos de Extens\u00e3o"},"content":{"rendered":"<p style=\"text-align: justify;\">Abaixo seguem os projetos de extens\u00e3o da Faculdade de Biologia em parceria com \u00f3rg\u00e3os de fomento \u00e0 gradua\u00e7\u00e3o.<\/p>\n<p style=\"text-align: justify;\"><strong>T\u00edtulo do Projeto<\/strong>: Estrat\u00e9gias Metodol\u00f3gicas do Ensino e aprendizagem Integradas<br \/>\nno Eixo Tem\u00e1tico \u201cBiodiversidade\u201d do Curso de Biologia: Integra\u00e7\u00e3o dos M\u00f3dulos<br \/>\n\u201cSeres Vivos\u201d.<br \/>\n<strong>Coordenadora<\/strong>: Prof\u00aa Dr\u00aa. Solange do Perp\u00e9tuo Socorro E. Costa.<br \/>\n<strong>Ag\u00eancia\/institui\u00e7\u00e3o fomentadora:<\/strong> Pr\u00f3-Reitoria de Ensino de Gradua\u00e7\u00e3o da UFPA PROEG\/PROINT.<\/p>\n<p style=\"text-align: justify;\"><strong>T\u00edtulo do Projeto<\/strong>:\u00a0 &#8220;Ambientes Virtuais como Ferramenta de Aprendizagem Colaborativa no Ensino de Ci\u00eancias Biol\u00f3gicas&#8221;.<br \/>\n<strong>Coordenadora<\/strong>: Sued Silva de Oliveira.<br \/>\n<strong>Ag\u00eancia\/institui\u00e7\u00e3o fomentadora: <\/strong>Programa de Apoio a Projetos de Interven\u00e7\u00e3o Metodol\u00f3gica &#8211; PAPIM<strong>.<br \/>\n<\/strong><\/p>\n<p style=\"text-align: justify;\"><strong>T\u00edtulo do Projeto<\/strong>: &#8220;Caminhando no Reino Plantae&#8221; .<br \/>\n<strong>Coordenador: <\/strong>Marco Ant\u00f4nio Menezes Neto.<br \/>\n<strong>Ag\u00eancia\/institui\u00e7\u00e3o fomentadora: <\/strong>Programa de Apoio a Projetos de Interven\u00e7\u00e3o Metodol\u00f3gica &#8211; PAPIM<strong>.<br \/>\n<\/strong><\/p>\n<p style=\"text-align: justify;\"><strong><\/strong><br \/>\n<strong>T\u00edtulo do Projeto<\/strong>: &#8220;Pr\u00e1ticas Inovadoras de Biologia: Integra\u00e7\u00e3o UFPA e Escola de Aplica\u00e7\u00e3o N\u00facleo Pedag\u00f3gico Integrado (NPI)&#8221;.<br \/>\n<strong>Coordenadora<\/strong>: Renata Coelho Rodrigues Noronha.<br \/>\n<strong>Ag\u00eancia\/institui\u00e7\u00e3o fomentadora: <\/strong>Programa de Apoio a Projetos de Interven\u00e7\u00e3o Metodol\u00f3gica &#8211; PAPIM<\/p>\n<p><strong>T\u00edtulo do Projeto<\/strong>: Programa de Educa\u00e7\u00e3o Tutorial (PET-BIO)<br \/>\n<strong>Coordenadora<\/strong>: Professora Dr\u00aa. Maria L\u00facia Harada<strong><\/strong><br \/>\n<strong>Ag\u00eancia\/institui\u00e7\u00e3o fomentadora: UFPA<br \/>\n<\/strong><br \/>\n<strong>Descri\u00e7\u00e3o<\/strong>:<\/p>\n<p><strong><\/strong>O Grupo PET Biologia do ICB criado em 2008, inicialmente sob a lideran\u00e7a da Professora Dr\u00aa. Maria L\u00facia Harada e constitu\u00eddo por apenas tr\u00eas graduandos do curso de ci\u00eancias biol\u00f3gicas, vem sofrendo mudan\u00e7as ao longo de seus quatro anos de exist\u00eancia, amadurecendo significativamente suas atividades de pesquisa, ensino e extens\u00e3o, que s\u00e3o a base do Programa de Educa\u00e7\u00e3o Tutorial. Atualmente, o grupo tem como tutor o Professor Dr. Luiz Carlos Santana da Silva e \u00e9 composto por mais de dez petianos, incluindo bolsistas e volunt\u00e1rios. Atuando em diversos projetos envolvendo tanto a popula\u00e7\u00e3o, quanto a comunidade acad\u00eamica, o PET-BIO contribui com diversas atividades extracurriculares, como o CINE PET-BIO, que s\u00e3o sess\u00f5es de filmes e document\u00e1rios cient\u00edficos de exibi\u00e7\u00e3o livre; o ciclo de palestras chamado \u201cQuarta do Bi\u00f3logo\u201d, que tem como intuito apresentar aos acad\u00eamicos as linhas de pesquisa e as a\u00e7\u00f5es de extens\u00e3o do Instituto de Ci\u00eancias Biol\u00f3gicas. Como destaque de a\u00e7\u00e3o, focando o trip\u00e9 ensino, pesquisa e extens\u00e3o, o Grupo PET Biologia aprovou em 2011 junto ao MEC o projeto Sa\u00fade, Meio Ambiente e Estudos Antropogen\u00e9ticos na Comunidade de Fortalezinha (Ilha de Maiandeua \u2013 Maracan\u00e3 \/ PA), com as metas de aplicar no\u00e7\u00f5es de sa\u00fade b\u00e1sica, educa\u00e7\u00e3o ambiental e pesquisa, contribuindo para a inclus\u00e3o social e forma\u00e7\u00e3o cidad\u00e3 da popula\u00e7\u00e3o local. Neste \u00e2mbito, o Grupo PET Biologia em conjunto com os demais grupos de educa\u00e7\u00e3o tutorial da UFPA vem consolidando sua import\u00e2ncia nos cursos de gradua\u00e7\u00e3o e sua contribui\u00e7\u00e3o na melhoria do ensino em nossa Universidade.<\/p>\n<p style=\"text-align: justify;\"><strong><br \/>\n<\/strong><\/p>\n","protected":false},"excerpt":{"rendered":"<p>Abaixo seguem os projetos de extens\u00e3o da Faculdade de Biologia em parceria com \u00f3rg\u00e3os de fomento \u00e0 gradua\u00e7\u00e3o. T\u00edtulo do Projeto: Estrat\u00e9gias Metodol\u00f3gicas do Ensino e aprendizagem Integradas no Eixo Tem\u00e1tico \u201cBiodiversidade\u201d do Curso de Biologia: Integra\u00e7\u00e3o dos M\u00f3dulos \u201cSeres Vivos\u201d. Coordenadora: Prof\u00aa Dr\u00aa. Solange do Perp\u00e9tuo Socorro E. Costa. Ag\u00eancia\/institui\u00e7\u00e3o fomentadora: Pr\u00f3-Reitoria de Ensino &hellip; <a href=\"https:\/\/biologia.ufpa.br\/?page_id=203\" class=\"more-link\">Continue lendo <span class=\"screen-reader-text\">Projetos de Extens\u00e3o<\/span> <span class=\"meta-nav\">&rarr;<\/span><\/a><\/p>\n","protected":false},"author":1,"featured_media":0,"parent":0,"menu_order":0,"comment_status":"open","ping_status":"open","template":"","meta":{"ngg_post_thumbnail":0},"_links":{"self":[{"href":"https:\/\/biologia.ufpa.br\/index.php?rest_route=\/wp\/v2\/pages\/203"}],"collection":[{"href":"https:\/\/biologia.ufpa.br\/index.php?rest_route=\/wp\/v2\/pages"}],"about":[{"href":"https:\/\/biologia.ufpa.br\/index.php?rest_route=\/wp\/v2\/types\/page"}],"author":[{"embeddable":true,"href":"https:\/\/biologia.ufpa.br\/index.php?rest_route=\/wp\/v2\/users\/1"}],"replies":[{"embeddable":true,"href":"https:\/\/biologia.ufpa.br\/index.php?rest_route=%2Fwp%2Fv2%2Fcomments&post=203"}],"version-history":[{"count":8,"href":"https:\/\/biologia.ufpa.br\/index.php?rest_route=\/wp\/v2\/pages\/203\/revisions"}],"predecessor-version":[{"id":244,"href":"https:\/\/biologia.ufpa.br\/index.php?rest_route=\/wp\/v2\/pages\/203\/revisions\/244"}],"wp:attachment":[{"href":"https:\/\/biologia.ufpa.br\/index.php?rest_route=%2Fwp%2Fv2%2Fmedia&parent=203"}],"curies":[{"name":"wp","href":"https:\/\/api.w.org\/{rel}","templated":true}]}}