{"id":304,"date":"2012-10-23T16:18:35","date_gmt":"2012-10-23T16:18:35","guid":{"rendered":"http:\/\/biologia.ufpa.br\/?page_id=304"},"modified":"2012-11-13T18:14:59","modified_gmt":"2012-11-13T18:14:59","slug":"laboratorios-estagio-rotatorio","status":"publish","type":"page","link":"https:\/\/biologia.ufpa.br\/?page_id=304","title":{"rendered":"Laborat\u00f3rios (Linhas de Pesquisa)"},"content":{"rendered":"<p>Confira \u00a0os laborat\u00f3rios para o est\u00e1gio rotat\u00f3rio, os coordenadores e linhas de pesquisa.<\/p>\n<ul>\n<li><a href=\"http:\/\/biologia.ufpa.br\/?page_id=311\">Laborat\u00f3rio de Biotecnologia do N\u00facleo de Meio Ambiente (NUMA)<\/a><\/li>\n<li><span style=\"font-size: 12.222222328186035px;\"><a title=\"GENAQ\" href=\"http:\/\/biologia.ufpa.br\/?page_id=331\">Laborat\u00f3rio GENAQ &#8211; Grupo de Estudo de Nematoda Aquaticos<\/a><\/span><\/li>\n<li><a title=\"Lab de Histologia\" href=\"http:\/\/biologia.ufpa.br\/?page_id=336\"><span style=\"font-size: 12.222222328186035px;\">L<\/span>aborat\u00f3rio de Ultraestrutura Celular &amp;\u00a0\u00a0Lab. de T\u00e9cnicas Histol\u00f3gicas<\/a><\/li>\n<li><a title=\"Lab de Microbiologia\" href=\"http:\/\/biologia.ufpa.br\/?page_id=339\">Laborat\u00f3rio de Microbiologia<\/a><\/li>\n<li><a title=\"Lab de Biologia Pesqueira\" href=\"http:\/\/biologia.ufpa.br\/?page_id=344\">Laborat\u00f3rio de Biologia Pesqueira e Manejo de Recursos Aqu\u00e1ticos<\/a><\/li>\n<li><a title=\"Lab de Neurodegenera\u00e7\u00e3o\" href=\"http:\/\/biologia.ufpa.br\/?page_id=348\">Laborat\u00f3rio de Neurodegenera\u00e7\u00e3o e Infec\u00e7\u00e3o<\/a><\/li>\n<\/ul>\n","protected":false},"excerpt":{"rendered":"<p>Confira \u00a0os laborat\u00f3rios para o est\u00e1gio rotat\u00f3rio, os coordenadores e linhas de pesquisa. Laborat\u00f3rio de Biotecnologia do N\u00facleo de Meio Ambiente (NUMA) Laborat\u00f3rio GENAQ &#8211; Grupo de Estudo de Nematoda Aquaticos Laborat\u00f3rio de Ultraestrutura Celular &amp;\u00a0\u00a0Lab. de T\u00e9cnicas Histol\u00f3gicas Laborat\u00f3rio de Microbiologia Laborat\u00f3rio de Biologia Pesqueira e Manejo de Recursos Aqu\u00e1ticos Laborat\u00f3rio de Neurodegenera\u00e7\u00e3o e &hellip; <a href=\"https:\/\/biologia.ufpa.br\/?page_id=304\" class=\"more-link\">Continue lendo <span class=\"screen-reader-text\">Laborat\u00f3rios (Linhas de Pesquisa)<\/span> <span class=\"meta-nav\">&rarr;<\/span><\/a><\/p>\n","protected":false},"author":1,"featured_media":0,"parent":0,"menu_order":0,"comment_status":"open","ping_status":"open","template":"","meta":{"ngg_post_thumbnail":0},"_links":{"self":[{"href":"https:\/\/biologia.ufpa.br\/index.php?rest_route=\/wp\/v2\/pages\/304"}],"collection":[{"href":"https:\/\/biologia.ufpa.br\/index.php?rest_route=\/wp\/v2\/pages"}],"about":[{"href":"https:\/\/biologia.ufpa.br\/index.php?rest_route=\/wp\/v2\/types\/page"}],"author":[{"embeddable":true,"href":"https:\/\/biologia.ufpa.br\/index.php?rest_route=\/wp\/v2\/users\/1"}],"replies":[{"embeddable":true,"href":"https:\/\/biologia.ufpa.br\/index.php?rest_route=%2Fwp%2Fv2%2Fcomments&post=304"}],"version-history":[{"count":17,"href":"https:\/\/biologia.ufpa.br\/index.php?rest_route=\/wp\/v2\/pages\/304\/revisions"}],"predecessor-version":[{"id":350,"href":"https:\/\/biologia.ufpa.br\/index.php?rest_route=\/wp\/v2\/pages\/304\/revisions\/350"}],"wp:attachment":[{"href":"https:\/\/biologia.ufpa.br\/index.php?rest_route=%2Fwp%2Fv2%2Fmedia&parent=304"}],"curies":[{"name":"wp","href":"https:\/\/api.w.org\/{rel}","templated":true}]}}